 Let y(f) = h*k(f) - 11*s(f). What is the tens digit of y(4)?
3
Let g = 843 - 392. What is the hundreds digit of g?
4
Suppose 3*k = 2*u - 1029, -k - 4*k = -u + 518. What is the units digit of u?
3
Let f = -751 - -1136. What is the hundreds digit of f?
3
Let q = -737 + 816. What is the tens digit of q?
7
Let w(q) be the first derivative of q**4/4 + q**3/3 + q + 1. Let v(l) = -11*l**3 + l**2 + l + 1. Let r(s) = -v(s) + 2*w(s). What is the units digit of r(1)?
4
Let l = 6 - -20. Let y = -7 + l. What is the units digit of y?
9
Suppose -24406 = -22*m - 3990. What is the units digit of m?
8
Let x(w) = -w**2 - 11*w - 20. Let r be x(-8). Suppose -12 = -2*o + v + v, 3*o = r*v + 19. Suppose -o*i = -8*i + 90. What is the units digit of i?
0
Suppose -2*l - 2 = -264. Suppose -5*d = -2*a - 724, -l = -d + 3*a + 2*a. What is the units digit of d?
6
Let z(l) = 2549*l + 3. Let w be z(-2). What is the units digit of 6/(-27) - w/45?
3
Suppose 0 = 25*l - 20*l - 35. Suppose -l*j + 248 - 80 = 0. What is the units digit of j?
4
Suppose -5*i + 379 = -4*k - 112, -2*i + 193 = -5*k. Let q = i + -30. What is the units digit of q?
9
Suppose 8 = -l + 14. Suppose 877 = l*a - 1175. What is the hundreds digit of a?
3
Suppose 2*q - 4*r = 2, -5*r - 6 - 14 = 0. Let h(a) = a**2 - a - 2. What is the tens digit of h(q)?
5
Suppose -7*m + 4 = -6*m. Suppose -4*k - m = -5*k. Suppose -2*r = k*u - 37 - 27, -3*u = -2*r + 36. What is the tens digit of r?
2
Let j(t) = t**3 - 13*t**2 + 15*t - 32. What is the tens digit of j(18)?
5
Let h = -2559 - -3694. What is the thousands digit of h?
1
Let x be (-1)/(((-4)/2)/142). Let d = 45 + -41. Suppose d*p + 19 - x = 0. What is the units digit of p?
3
Let a(w) = 2*w - 15. Let h(r) = -4*r + 30. Let j(n) = 7*a(n) + 4*h(n). Let g be j(10). Let f(l) = l**2 - l - 1. What is the units digit of f(g)?
9
Let m be (-18)/(-12)*4/3. Let r(w) = 4*w + 4*w - 1 - m*w - 5*w. What is the units digit of r(3)?
2
Suppose 11995 = -2*m + 12279. What is the hundreds digit of m?
1
Let d(f) = -23*f + 177. What is the units digit of d(3)?
8
Suppose 3*s = 4*q + 177, 0*q + 3*q + 229 = 4*s. Let w = -25 + s. What is the units digit of w?
0
Let y(p) = 4 - 2*p - 3 + 3*p. Let b be y(1). Suppose b*c - 5*s = c + 12, -80 = -4*c + 4*s. What is the units digit of c?
2
Let a(g) = 10*g + 10. Let y be a(-1). Let k(o) = o**3 + 4*o**2 + 2*o + 2. Let l be k(-2). Suppose y = r - l*r + 5. What is the units digit of r?
1
Let t = 1528 - 119. What is the units digit of t?
9
Let f(w) = 17*w**2 - 4*w - 1. Let y be f(-3). Suppose 2*q = -4*s + 164, -4*s - q = 4*q - y. What is the units digit of s?
1
Let p = -15 + 14. Let m(g) = 428*g**2 - g - 1. Let w be m(p). What is the tens digit of 4/(-14) + w/28?
1
Suppose t = 2*q + 24, 32 = 4*t + 2*q - 14. Let m(h) = -h**3 + 14*h**2 + 11*h + 9. What is the hundreds digit of m(t)?
1
Suppose -30 = -7*y + 2*y. Let k be y/(-14) - (-40)/28. What is the tens digit of (-39)/(k/(4 + -5))?
3
Let y(g) = 492*g**2 + g + 1. What is the hundreds digit of y(-1)?
4
Suppose -119 = -w + 382. What is the tens digit of w?
0
Suppose -l - 4*l + 2*w + 30 = 0, -2*l = 3*w - 31. Suppose -6*k + 2*k = -l. Suppose -k*i = v - 2, -19 = -5*v + 3*i - 4*i. What is the units digit of v?
4
What is the hundreds digit of 67/268 + 7318/8?
9
Suppose 131*q = 133*q - 10. Suppose -q*g - 166 + 951 = 0. What is the units digit of g?
7
Let x = -5 - -18. Suppose 1384 = x*r + 461. What is the tens digit of r?
7
Let s = 301 + -116. Let j be 11/3 - 2/(-6). Suppose j*f - 9*f = -s. What is the units digit of f?
7
Suppose 35*r - 60 = 40*r. What is the units digit of -20*r/9*(-6)/(-4)?
0
Let j(g) = g**3 - 6*g**2 + 3*g - 15. Let o be j(6). Suppose 2*u - 136 = 4*p, -o*u + 97 = -4*p - 105. What is the tens digit of u?
6
Let r(p) be the second derivative of 2*p**3/3 - p**2 - 21*p. What is the tens digit of r(3)?
1
Suppose -71 = -3*b - q, -5*b + 514 = 5*q + 399. What is the tens digit of b?
2
Suppose 2*f + 5932 = 112*q - 108*q, 0 = 5*q - 2*f - 7417. What is the tens digit of q?
8
Suppose -7*j = -16 - 19. Suppose 4*u + 2*l = 130, j*u = 4*l - 7*l + 163. What is the tens digit of u?
3
Let l = 45 - 75. Let a = 51 - 23. Let i = a - l. What is the tens digit of i?
5
Let k(d) = 2*d**3 - 10*d**2 - 13*d + 11. What is the tens digit of k(9)?
4
Suppose -4*v + 14 = 5*z - 0*v, -4*v = -3*z + 2. Suppose -x + z*w = -17, -5*w = -5*x + 30 + 45. Suppose 4*c - 3*l = x, l = -3 - 0. What is the units digit of c?
1
Suppose 4*s - 17 = 7. Suppose -5*u + 2*u + s = 0. Suppose -3*i - u*x + 89 = -x, 0 = 5*i + 4*x - 160. What is the tens digit of i?
2
Let i = 17 - 8. Suppose i*z = 5*z + 204. Let y = -31 + z. What is the tens digit of y?
2
What is the tens digit of (-2723)/(-2) - -2 - 85/170?
6
What is the hundreds digit of (-2469)/(-4) + (-2 - 66/(-24))?
6
Let t(q) = 2*q + 2. Let m be t(0). Suppose m = 4*i - 10. Suppose 0*p + i*d - 4 = -p, 39 = p - 4*d. What is the tens digit of p?
1
Suppose 4*j - 16784 = -2*h, 0 = -4*h + 6*h + 4. What is the tens digit of j?
9
Let z = -4 - -3. Let w(x) = 58*x**2 + x + 1. What is the tens digit of w(z)?
5
Let f(g) = 2*g + 22. Suppose -30 = -a + 4*c, 2*a - 28 = -3*c - 1. What is the tens digit of f(a)?
5
Let g(l) = 124*l**3 - 9*l**2 + 3*l + 30. What is the thousands digit of g(3)?
3
Let x(c) = -235*c - 39. What is the hundreds digit of x(-1)?
1
Suppose -27639 - 79596 = -45*w. What is the thousands digit of w?
2
Let d = -21 + 10. Let i(t) = -t**3 - 10*t**2 + 9*t - 16. Let u be i(d). Let g = 6 + u. What is the tens digit of g?
1
Let q = -105 + 107. Suppose b + 5*p - 2 = 23, 68 = q*b + p. What is the tens digit of b?
3
Suppose 7*m = 8149 + 6341. What is the tens digit of m?
7
Suppose -c - 123 = -318. Suppose 3*w = c + 303. What is the tens digit of w?
6
Suppose -5*h + 2385 = 5*g, -4*h + 9*h = 5*g - 2385. What is the hundreds digit of g?
4
Let o = -4 - -7. Let z be -2*(1 + 2)/o. What is the tens digit of -14*(-1 + z/4)?
2
Let l(u) be the second derivative of 2*u**3/3 + 67*u**2/2 + 13*u. What is the units digit of l(0)?
7
Suppose 3*c + 213 = s, 4*c = -4*s + 992 - 204. What is the tens digit of s?
0
Suppose -17 = -2*p - 7. What is the tens digit of (37 - p/(-5)) + -3?
3
Let x be (-23)/(-7) + 4/(-14). Suppose 0 = s - 4*r, 2*s + s + x*r = 0. Suppose 0 = q - t - 15, -t = -s*q - 2*q + 34. What is the units digit of q?
9
Suppose -2*j + 35 = -0*j + 5*f, -4*j = 2*f - 30. What is the units digit of 9/(j/((-80)/(-2)))?
2
Let o = -6 + -2. Let x = 11 + o. Suppose -2*g = -4*r + 3*g + 121, -x*g + 9 = 0. What is the units digit of r?
4
Let b(n) = 2*n**2 - 4. Let s be b(-2). Suppose -3*p = -t - 7 - 8, 13 = s*p + t. Suppose 2*f = -0*w - 2*w + 10, w = -p*f + 20. What is the units digit of f?
5
Let y = -7 + 91. What is the tens digit of y?
8
Let b be (-5)/2*20/5. Let w(s) be the third derivative of s**5/60 + 3*s**4/8 + 5*s**3/3 - 4*s**2. What is the units digit of w(b)?
0
Let m(r) = -r**3 + 18*r**2 - 17*r + 31. Let j be m(16). Suppose 0 = -5*q + 299 + j. What is the tens digit of q?
1
Suppose 4*t + 11*t - 29205 = 0. What is the tens digit of t?
4
Let g(f) = 2 - 4 - 3*f + 0. Let a be g(-2). Suppose -o = -a - 12. What is the tens digit of o?
1
Let m(a) = 4*a**3 + 6*a**2 - 16*a + 24. What is the units digit of m(7)?
8
Let n = -173 - -338. Let h = n + 12. Suppose -5*z - 17 = -h. What is the tens digit of z?
3
Let q = -116 + 122. Suppose q*k - 669 - 393 = 0. What is the units digit of k?
7
Let n = -12 + 12. Suppose n = 5*s + 2*a + 2*a - 114, 3 = 3*a. What is the units digit of s?
2
Suppose 4*g = -4*v - 8, 0 = 4*g + 11 - 3. Suppose 2*y + 2*y - 16 = v. Let o(w) = w**2 + 4*w. What is the tens digit of o(y)?
3
Let x = -2454 - -3161. What is the units digit of x?
7
What is the tens digit of 1*(-9 - -4) + 335 + 1?
3
Let i(j) be the third derivative of -j**5/60 - j**4/3 - j**3/6 - 14*j**2. Suppose 4*l - 7 = 5*l. What is the units digit of i(l)?
6
Let p(n) = 17*n + 9. Let w be 10/6 - (-48)/9. What is the hundreds digit of p(w)?
1
Suppose 47540 = 18*z - 1744. What is the tens digit of z?
3
Let l = 4 + 0. Suppose -15*o = -13*o - l. Suppose 3*p - o*m = m + 87, 2*p - 3*m - 55 = 0. What is the tens digit of p?
3
What is the tens digit of 164/1230 - 40558/(-15)?
0
Let m = -44 - -71. Let i = m + -23. Suppose i*y - 156 = -0*l + 5*l, -y = -2*l - 36. What is th